{"id":9719,"date":"2023-11-27T11:02:24","date_gmt":"2023-11-27T11:02:24","guid":{"rendered":"https:\/\/spartanstyle.shop\/?post_type=product&#038;p=9719"},"modified":"2024-05-06T00:48:43","modified_gmt":"2024-05-06T00:48:43","slug":"komplekti-mana-zeme-latvija","status":"publish","type":"product","link":"https:\/\/spartanstyle.shop\/?product=komplekti-mana-zeme-latvija","title":{"rendered":"Komplekts b\u0113rnu &#8220;Mana zeme Latvija&#8221;"},"content":{"rendered":"<p>B\u0113rnu komplekti\u0146i mazajiem latvie\u0161iem<br \/>\nD\u017eemper\u012btis ar apdruku un bikses.<br \/>\nBiezs audums ar siltumi\u0146u iek\u0161pus\u0113.<br \/>\nSast\u0101vs 100% poliesteris.<\/p>\n<p>&nbsp;<\/p>\n<p>Dizaina noz\u012bme.<\/p>\n<p class=\"cvGsUA direction-ltr align-justify para-style-body\"><span class=\"OYPEnA text-decoration-none text-strikethrough-none\">M\u0113s latvie\u0161i esam tauta ar stipru garu un patriotisk\u0101m v\u0113rt\u012bb\u0101m. M\u016bsu sen\u010di ir dro\u0161sird\u012bgi c\u012bn\u012bju\u0161ies par to, lai mums b\u016btu br\u012bva un neatkar\u012bga Latvija, kur\u0101 dz\u012bvot mums un m\u016bsu b\u0113rniem.<\/span><\/p>\n<p class=\"cvGsUA direction-ltr align-justify para-style-body\"><span class=\"OYPEnA text-decoration-none text-strikethrough-none\">Ar\u012b tie latvie\u0161i, kas nedz\u012bvo Latvij\u0101 par sav\u0101m m\u0101j\u0101m sauc Latviju un t\u0101s zeme ir vi\u0146u sird\u012bs.<\/span><\/p>\n<p class=\"cvGsUA direction-ltr align-justify para-style-body\"><span class=\"OYPEnA text-decoration-none text-strikethrough-none\">\u0160ie v\u0101rdi &#8211; &#8220;Mana zeme Latvija&#8221;, simboliz\u0113 m\u016bsu patriotisk\u0101s v\u0113rt\u012bbas un cie\u0146u un m\u012blest\u012bbu pret savu t\u0113vuzemi.<\/span><\/p>\n","protected":false},"excerpt":{"rendered":"<p>B\u0113rnu komplekti\u0146i mazajiem latvie\u0161iem<br \/>\nD\u017eemper\u012btis ar apdruku un bikses.<br \/>\nBiezs audums ar siltumi\u0146u iek\u0161pus\u0113.<br \/>\nSast\u0101vs 100% poliesteris.<\/p>\n","protected":false},"featured_media":9730,"template":"","meta":[],"product_cat":[312,320,380],"product_tag":[],"class_list":{"0":"post-9719","1":"product","2":"type-product","3":"status-publish","4":"has-post-thumbnail","6":"product_cat-apgerbs","7":"product_cat-berniem","8":"product_cat-komplekti","10":"first","11":"instock","12":"shipping-taxable","13":"purchasable","14":"product-type-variable"},"lang":"lv","translations":{"lv":9719},"pll_sync_post":[],"_links":{"self":[{"href":"https:\/\/spartanstyle.shop\/index.php?rest_route=\/wp\/v2\/product\/9719","targetHints":{"allow":["GET"]}}],"collection":[{"href":"https:\/\/spartanstyle.shop\/index.php?rest_route=\/wp\/v2\/product"}],"about":[{"href":"https:\/\/spartanstyle.shop\/index.php?rest_route=\/wp\/v2\/types\/product"}],"version-history":[{"count":5,"href":"https:\/\/spartanstyle.shop\/index.php?rest_route=\/wp\/v2\/product\/9719\/revisions"}],"predecessor-version":[{"id":10602,"href":"https:\/\/spartanstyle.shop\/index.php?rest_route=\/wp\/v2\/product\/9719\/revisions\/10602"}],"wp:featuredmedia":[{"embeddable":true,"href":"https:\/\/spartanstyle.shop\/index.php?rest_route=\/wp\/v2\/media\/9730"}],"wp:attachment":[{"href":"https:\/\/spartanstyle.shop\/index.php?rest_route=%2Fwp%2Fv2%2Fmedia&parent=9719"}],"wp:term":[{"taxonomy":"product_cat","embeddable":true,"href":"https:\/\/spartanstyle.shop\/index.php?rest_route=%2Fwp%2Fv2%2Fproduct_cat&post=9719"},{"taxonomy":"product_tag","embeddable":true,"href":"https:\/\/spartanstyle.shop\/index.php?rest_route=%2Fwp%2Fv2%2Fproduct_tag&post=9719"}],"curies":[{"name":"wp","href":"https:\/\/api.w.org\/{rel}","templated":true}]}}

Komplekts bērnu &#8220;Mana zeme Latvija&#8221;

<p>Bērnu komplektiņi mazajiem latviešiem<br />
Džemperītis ar apdruku un bikses.<br />
Biezs audums ar siltumiņu iekšpusē.<br />
Sastāvs 100% poliesteris.</p>
<p>&nbsp;</p>
<p>Dizaina nozīme.</p>
<p class="cvGsUA direction-ltr align-justify para-style-body"><span class="OYPEnA text-decoration-none text-strikethrough-none">Mēs latvieši esam tauta ar stipru garu un patriotiskām vērtībām. Mūsu senči ir drošsirdīgi cīnījušies par to, lai mums būtu brīva un neatkarīga Latvija, kurā dzīvot mums un mūsu bērniem.</span></p>
<p class="cvGsUA direction-ltr align-justify para-style-body"><span class="OYPEnA text-decoration-none text-strikethrough-none">Arī tie latvieši, kas nedzīvo Latvijā par savām mājām sauc Latviju un tās zeme ir viņu sirdīs.</span></p>
<p class="cvGsUA direction-ltr align-justify para-style-body"><span class="OYPEnA text-decoration-none text-strikethrough-none">Šie vārdi &#8211; &#8220;Mana zeme Latvija&#8221;, simbolizē mūsu patriotiskās vērtības un cieņu un mīlestību pret savu tēvuzemi.</span></p>

<p>Bērnu komplektiņi mazajiem latviešiem<br />
Džemperītis ar apdruku un bikses.<br />
Biezs audums ar siltumiņu iekšpusē.<br />
Sastāvs 100% poliesteris.</p>
