{"id":9808,"date":"2023-11-27T12:24:24","date_gmt":"2023-11-27T12:24:24","guid":{"rendered":"https:\/\/spartanstyle.shop\/?post_type=product&#038;p=9808"},"modified":"2024-04-26T15:51:40","modified_gmt":"2024-04-26T15:51:40","slug":"mana-zeme-latvija-2","status":"publish","type":"product","link":"https:\/\/spartanstyle.shop\/?product=mana-zeme-latvija-2","title":{"rendered":"H\u016bdijs &#8220;Mana zeme Latvija&#8221;"},"content":{"rendered":"<p>\u013boti laba kvalit\u0101te ar siltin\u0101jumu iek\u0161pus\u0113 un kabatu priek\u0161pus\u0113.<\/p>\n<p>50% kokvilna, 50% poliesteris.<\/p>\n<p>Dizaina noz\u012bme.<\/p>\n<p class=\"cvGsUA direction-ltr align-justify para-style-body\"><span class=\"OYPEnA text-decoration-none text-strikethrough-none\">M\u0113s latvie\u0161i esam tauta ar stipru garu un patriotisk\u0101m v\u0113rt\u012bb\u0101m. M\u016bsu sen\u010di ir dro\u0161sird\u012bgi c\u012bn\u012bju\u0161ies par to, lai mums b\u016btu br\u012bva un neatkar\u012bga Latvija, kur\u0101 dz\u012bvot mums un m\u016bsu b\u0113rniem.<\/span><\/p>\n<p class=\"cvGsUA direction-ltr align-justify para-style-body\"><span class=\"OYPEnA text-decoration-none text-strikethrough-none\">Ar\u012b tie latvie\u0161i, kas nedz\u012bvo Latvij\u0101 par sav\u0101m m\u0101j\u0101m sauc Latviju un t\u0101s zeme ir vi\u0146u sird\u012bs.<\/span><\/p>\n<p class=\"cvGsUA direction-ltr align-justify para-style-body\"><span class=\"OYPEnA text-decoration-none text-strikethrough-none\">\u0160ie v\u0101rdi &#8211; &#8220;Mana zeme Latvija&#8221;, simboliz\u0113 m\u016bsu patriotisk\u0101s v\u0113rt\u012bbas un cie\u0146u un m\u012blest\u012bbu pret savu t\u0113vuzemi.<\/span><\/p>\n","protected":false},"excerpt":{"rendered":"<p>Augsta kvalit\u0101te ar siltin\u0101jumu iek\u0161pus\u0113 un kabatu priek\u0161pus\u0113.<\/p>\n<p>50% kokvilna, 50% poliesteris.<\/p>\n<p class=\"cvGsUA direction-ltr align-justify para-style-body\">\n","protected":false},"featured_media":9638,"template":"","meta":[],"product_cat":[312,318],"product_tag":[],"class_list":{"0":"post-9808","1":"product","2":"type-product","3":"status-publish","4":"has-post-thumbnail","6":"product_cat-apgerbs","7":"product_cat-hodiji","9":"first","10":"instock","11":"shipping-taxable","12":"purchasable","13":"product-type-variable"},"lang":"lv","translations":{"lv":9808},"pll_sync_post":[],"_links":{"self":[{"href":"https:\/\/spartanstyle.shop\/index.php?rest_route=\/wp\/v2\/product\/9808","targetHints":{"allow":["GET"]}}],"collection":[{"href":"https:\/\/spartanstyle.shop\/index.php?rest_route=\/wp\/v2\/product"}],"about":[{"href":"https:\/\/spartanstyle.shop\/index.php?rest_route=\/wp\/v2\/types\/product"}],"version-history":[{"count":5,"href":"https:\/\/spartanstyle.shop\/index.php?rest_route=\/wp\/v2\/product\/9808\/revisions"}],"predecessor-version":[{"id":10615,"href":"https:\/\/spartanstyle.shop\/index.php?rest_route=\/wp\/v2\/product\/9808\/revisions\/10615"}],"wp:featuredmedia":[{"embeddable":true,"href":"https:\/\/spartanstyle.shop\/index.php?rest_route=\/wp\/v2\/media\/9638"}],"wp:attachment":[{"href":"https:\/\/spartanstyle.shop\/index.php?rest_route=%2Fwp%2Fv2%2Fmedia&parent=9808"}],"wp:term":[{"taxonomy":"product_cat","embeddable":true,"href":"https:\/\/spartanstyle.shop\/index.php?rest_route=%2Fwp%2Fv2%2Fproduct_cat&post=9808"},{"taxonomy":"product_tag","embeddable":true,"href":"https:\/\/spartanstyle.shop\/index.php?rest_route=%2Fwp%2Fv2%2Fproduct_tag&post=9808"}],"curies":[{"name":"wp","href":"https:\/\/api.w.org\/{rel}","templated":true}]}}